What is 0 + -4 - (1 + -2)?
-3
3 + 1 - (28 - 24)
0
What is 6 + (-2 - -3) + -10?
-3
Evaluate (-14 - -14) + -4 + 0 + -1.
-5
What is (3 - (15 - 6)) + 13?
7
Evaluate -12 + (4 - (6 - 5)).
-9
Calculate -6 + (1 - -1) - 1 - -1.
-4
1 - (-5 - (-2 + -6))
-2
2 - (0 + -2 + 12 + -5)
-3
0 - (-13 - ((5 - 8) + -5))
5
Evaluate 4 + -1 + (8 - (6 - 0)).
5
What is 1 + -2 + 2 + 2 + -4?
-1
Calculate (-6 - -2) + (6 - (5 - 8)).
5
What is the value of -2 + 0 - (-8 - (2 - 4))?
4
-9 + (-10 - -17) - 6
-8
Calculate 10 + -1 + (-23 - -18).
4
Evaluate (-2 + 2 - -2) + -1 + -2.
-1
Calculate (1 - (6 + -3)) + -2.
-4
Calculate (7 - 11 - (-2 + -6)) + -10.
-6
Evaluate 3 + (-11 - (-13 + 3)).
2
(0 - 1) + (12 - 10)
1
Evaluate -4 + (-7 + 3 + 3 - -1).
-4
Evaluate 7 + -2 + 2 + 1 - 3.
5
What is the value of (-24 - -20 - (1 + -1)) + 1?
-3
Evaluate -6 + -7 + 7 - 0.
-6
-3 + (-8 - -6) + 7 + 1
3
Calculate -4 - -4 - (-1 - (-1 - -5)).
5
Evaluate -3 - 4 - (12 - 17).
-2
What is -19 + (7 - (6 - 8))?
-10
What is -2 - (1 + 1 + -4) - -1?
1
What is (21 - 21) + (2 - -1)?
3
What is the value of (-2 - 0) + 6 - 3?
1
Calculate 2 + (14 - ((3 - 1) + 6)).
8
What is -4 - -2 - 0 - -1?
-1
What is -5 + 4 - 3 - (0 + 4)?
-8
Evaluate 7 + -3 + 13 + -15 + -4.
-2
Calculate 1 + -1 + 0 + -8 + 2.
-6
What is the value of -1 + 1 + 5 - (-16 + 13)?
8
Evaluate -2 + 2 + (-11 + 5 - -2).
-4
What is the value of 7 + 1 + -6 - 3?
-1
Calculate 0 + (-1 - 6) - (-51 + 44).
0
What is the value of -4 - (-1 - 0) - (14 - 18)?
1
-1 + 7 + -1 - 7
-2
(-4 - 1) + 0 - -2
-3
What is the value of (-5 - (-7 + -5) - 1) + 5?
11
What is the value of 0 - (4 - -2 - 0)?
-6
Evaluate -1 + -1 + -4 + -2 + 3.
-5
What is 11 - (2 - -3) - 2?
4
What is -1 + -2 + -3 + 8 + 5?
7
Calculate 2 + (-3 - (3 - 3)) - 3.
-4
Evaluate -8 + (-24 + 35 - (1 + 3)).
-1
Calculate 1 + -4 + (5 - 7) + 1.
-4
Evaluate (2 - (3 - 0)) + 1 + 3.
3
23 - 23 - (-4 + 1 - 7)
10
Calculate 13 - (4 + 4 + -5).
10
What is the value of -1 + -3 + 5 + -3 + 1?
-1
-2 + 3 - (2 + 0 + -4)
3
-3 + (2 - -3) + -5
-3
What is (12 - 5) + -4 + -2 + 2?
3
What is -1 + -3 + -6 + 18?
8
What is the value of 3 + 0 - (0 + 2 + 3)?
-2
Evaluate -1 + -1 - (-25 - -21) - -2.
4
Evaluate -5 + -1 + -1 + 22 + -13.
2
-10 + 0 + 0 + -3 + 7
-6
What is -2 + -2 + (6 + 4 - 1)?
5
Evaluate 8 + (-4 - -5) - (-1 - -5).
5
Evaluate 3 - (2 - 3 - (2 - 9)).
-3
(-1 - (0 + 0) - -6) + -5
0
Evaluate -9 - (-11 - -4 - -2).
-4
Evaluate (-4 - 14) + 9 - -6.
-3
-4 + (2 - 2 - 6) + 13
3
Evaluate (-10 - (0 + 7 + -11)) + 5.
-1
(0 - 4 - -4) + 1
1
What is (0 - (0 - -2)) + (-6 - -8)?
0
What is -198 - -200 - (1 - (1 - -3))?
5
What is the value of 3 - ((-3 - -1) + 0)?
5
What is (-1 - -1) + (0 - 3 - -1)?
-2
What is 1 - (-4 - (2 + -12))?
-5
Evaluate (-5 - (-5 + -1)) + -6.
-5
What is the value of 18 - (10 + -8 + 8)?
8
Evaluate -1 + 0 + -5 - (20 + -23).
-3
Calculate (8 - (2 - (5 + -10))) + -4.
-3
What is the value of -1 + (5 - 18) + 24?
10
What is the value of -1 + -6 + (3 - -2) - 1?
-3
-7 - (-14 - -7) - (-1 + 6)
-5
Calculate 7 + 1 - (4 - -1).
3
Evaluate 2 - 1 - (-11 + 10).
2
What is the value of -1 + (6 + 0 - 5) + -11?
-11
-7 + (-8 + 3 - -9)
-3
-1 + -8 + (294 - 285)
0
Evaluate 26 + -15 - (22 - 4).
-7
Evaluate (4 + -4 - -1) + 3 + -7.
-3
What is 1 + -14 - ((-1 - 2) + -2)?
-8
What is the value of 8 + (7 - 7) - (5 + -2)?
5
What is the value of -2 + 10 + -8 - 1?
-1
What is the value of -11 - (-16 + 15 + -9)?
-1
Calculate -4 - -4 - (-2 - (6 - 12)).
-4
3 + 1 - (-7 - -23 - 7)
-5
What is the value of -3 + 4 - 1 - (-3 + 2)?
1
What is the value of 10 + 0 - (60 - 52)?
2
-2 + 1 + 4 - 8
-5
Calculate (2 - (-4 + -4)) + -4 + -5.
1
What is 3 - ((-5 - 1 - -3) + -1)?
7
Calculate (-4 - (2 - 6)) + -5.
-5
3 + -15 + 2 - -18
8
Calculate 1 + 5 + -9 - -6.
3
What is the value of (-5 - (-6 - 5)) + -6?
0
Evaluate -6 - (7 - (10 + (8 - 10))).
-5
What is the value of -20 + 11 + 6 + -4?
-7
Calculate 2 + (3 - 4) + 2 - 8.
-5
(2 - -1) + -11 + 8
0
(-6 - -15) + 2 - 15
-4
-14 + 16 - (0 + 0 - -1)
1
What is (-3 + 3 - -5) + (-5 - -1)?
1
1 + 1 + -3 - (-6 - -5)
0
Calculate 7 + (-1 + -1 - 2).
3
What is the value of (-6 - -6) + -2 + 2?
0
(-1 - 7) + -21 + 28
-1
Evaluate (-2 - 1) + (-3 - -4).
-2
What is 0 - -1 - (-1 + -1) - 6?
-3
What is the value of (2 - 6) + (4 - 2)?
-2
Calculate (-4 - (3 - (-5 - -5))) + 2.
-5
Calculate -2 + 3 + 2 - (-12 - -19).
-4
What is the value of 0 + (0 - (-5 + 1)) + -4?
0
What is the value of -5 - (-3 - (-7 - 2 - -4))?
-7
What is -8 - (3 + -12 + 7)?
-6
What is the value of (-2 - -2 - -6) + -7?
-1
What is 2 - (-5 - -1) - (3 - 0)?
3
(-8 - (8 - 11)) + -1
-6
What is -1 + 0 - (-3 + 1 + 3)?
-2
Evaluate 2 - (11 + -1 + -1 + -2).
-5
What is the value of 6 + (-4 - -3) + -2 + -5?
-2
What is -7 + 12 + -7 + (-2 - -1)?
-3
What is (7 - -5) + -2 + -3?
7
(-7 - -5 - -3) + -5
-4
Calculate (-2 - (0 - 2) - 1) + 3.
2
What is the value of (7 - 1 - (3 - -1)) + -7?
-5
Evaluate 2 + (-8 - (-19 - -9)).
4
Calculate 3 + (-8 - (1 - 1)).
-5
What is -4 + (2 - (-4 + -2))?
4
Calculate (-5 - -3) + (2 - 0) - 0.
0
What is the value of -1 - (-14 + 5 - -1) - 10?
-3
What is the value of 6 - -1 - (138 + -127)?
-4
Evaluate -117 + 124 - (2 - (0 + 2)).
7
Calculate 1 - (10 + -7 - -3).
-5
Calculate (1 - (-4 + 0)) + -3.
2
What is 0 - -1 - 0 - (365 - 358)?
-6
Calculate (8 - 1) + (12 - 14).
5
-3 + 13 + -8 - 5
-3
-19 - (-8 + 0) - -8
-3
What is 13 + (2 - -4) + -11?
8
5 - ((2 - -2) + -1) - -3
5
What is the value of (-6 - -14) + -3 + -4?
1
4 - (1 + 10 - 2)
-5
What is the value of (-3 - 1) + 0 - (30 - 34)?
0
What is (-3 - (3 - 14)) + -5?
3
Evaluate -8 + 1 + 3 - -4.
0
What is the value of 1 + -4 + (5 - (2 + -1))?
1
Calculate 0 + 0 - (-2 + 4 - -2).
-4
Calculate (8 - 11) + 1 + 1 - 3.
-4
Evaluate 22 + -17 - (0 + 1).
4
What is (2 - 5) + 6 + -8?
-5
Evaluate 6 + (1 - 2) + -2.
3
What is the value of 1 + -3 + (-10 - -6)?
-6
(10 - 6) + -4 + 1
1
Calculate 2 + -6 + 2 + 1.
-1
What is 1 + 4 - -2 - (108 - 108)?
7
Calculate 4 - -1 - (100 - 102).
7
-11 - (7 - (16 + -5))
-7
What is the value of (10 - -1) + (-11 - -5)?
5
9 + -2 + 6 - 5 - 14
-6
What is -4 - (5 + -1 + 1 + -12)?
3
6 + 1 - (-160 - -170)
-3
What is 4 - 0 - (-41 + 48)?
-3
Calculate 68 - 76 - (-5 + 1).
-4
Calculate 8 + (-10 - 5 - -10).
3
-6 + 1 - (-4 - 1)
0
Calculate -11 - ((-4 - -4) + -8).
-3
5 + -1 + 0 + (-34 - -30)
0
Calculate 2 + (-2 - (-2 + -1)).
3
What is the value of (4 - 9 - 1) + 0 + 3?
-3
What is the value of (-1 - -3) + 1 + -7?
-4
-2 - 2 - (-4 + (6 - 4))
-2
What is 2 - (-3 + 5) - 2 - 3?
-5
What is -6 - -4 - (-3 - -1)?
0
Evaluate -3 - -2 - 3 - (3 + -3).
-4
(14 - 8) + (1 - 2) + -2
3
What is the value of 3 + 0 - (21 - 13)?
-5
What is 0 + (9 - 1 - 1)?
7
-2 + -1 - (37 + -37)
-3
(-4 - (0 + -3 - 0)) + -3
-4
Evaluate 8 - 15 - (-7 - -2).
-2
0 - (-6 - -4) - -4
6
(-8 - 2) + -5 + 10 + 5
0
(0 - 0) + 7 + -9 + -3
-5
What is 5 + -4 + -4 - 2?
-5
What is -18 - (4 - (10 - -4))?
-8
Evaluate -5 - -9 - (9 - 8).
3
What is 0 - (5 - 9) - (1 - -2)?
1
What is the value of -2 + -1 + (16 - 7) + -2?
4
Evaluate (-4 - -2) + -2 + (0 - -1).
-3
Evaluate (7 + 1 - 3) + -8.
-3
Evaluate 3 - (11 + 4 + -11).
-1
What is the value of -1 + -10 + -35 + 47?
1
What is the value of -7 - -16 - (5 - 1)?
5
Evaluate 16 + -8 - 9 - 2.
-3
Evaluate (4 - 4) + -6 - (-3 - -1).
-4
What is -3 - 1 - (4 - 5)?
-3
What is the value of (-1 - (3 - -1)) + 91 + -91?
-5
-16 + 7 + 8 + 6
5
What is the value of 0 - (-1 - 1 - (-5 - 0))?
-3
Evaluate -1 + -9 - -2 - (6 + -7).
-7
-6 - (1 + (-3 - 1))
-3
What is the value of 1 + 0 - (3 - -2)?
-4
What is 4 + 4 + -4 - (4 - 0)?
0
Calculate -3 + 9 - (1 - -2).
3
What is -5 - (1 + 8 + -7 + 0)?
-7
What is -1 + (-6 - -3 - (10 + -14))?
0
Calculate 0 + (-1 - -1) - (-7 - -7).
0
Evaluate 11 + (-10 - -12) + -6.
7
0 + -5 - (8 - (-11 + 22))
-2
Evaluate (6 + -11 - -8 - -4) + -4.
3
Calculate -12 - (-25 + 0) - 5.
8
What is (12 - 6) + (2 - 6 - -2)?
4
Calculate -3 - (-6 + 3 - -3 - -2).
-5
Calculate 8 + (-5 + -2 - -3).
4
-6 - (-2 - -3) - (-1 - 8)
2
Evaluate -8 - -1 - (-130 + 119).
4
What is the value of (-1 - -1) + -16 + 18?
2
32 + -36 - (-13 - 1)
10
1 + 1 + 0 - (-59 - -58)
3
What is the value of (5 - (11 + -1)) + (10 - 6)?
-1
(-7 + -1 - -3) + -2 + 1
-6
Evaluate 10 + (13 - 27) - -14.
10
Evaluate -6 + (5 - (2 + -4)) + -3.
-2
What is (-4 - -1) + 5 + 0 + 2?
4
What is the value of -7 + -4 + 3 + 8?
0
Evaluate 2 + -1 + 1 - (89 + -83).
-4
Calculate (-2 - 